{"id":16,"date":"2025-12-31T14:21:07","date_gmt":"2025-12-31T14:21:07","guid":{"rendered":"https:\/\/ztn-suedwest.de\/?page_id=16"},"modified":"2025-12-31T14:38:04","modified_gmt":"2025-12-31T14:38:04","slug":"16-2","status":"publish","type":"page","link":"https:\/\/ztn-suedwest.de\/","title":{"rendered":""},"content":{"rendered":"\n<section class=\"ztn-page\">\n  <div class=\"ztn-container\">\n    <header class=\"ztn-hero\">\n      <div class=\"ztn-hero-inner\">\n        <img decoding=\"async\" class=\"ztn-logo\" src=\"https:\/\/ztn-suedwest.de\/wp-content\/uploads\/2025\/12\/ztn_logo_transparent-scaled.png\" alt=\"ZT N S\u00fcdwest Logo\" \/>\n        <div class=\"ztn-hero-text\">\n          <h1>Seite in Bearbeitung<\/h1>\n          <p>\n            Wir \u00fcberarbeiten aktuell unseren Internetauftritt. Die neue Website steht Ihnen in K\u00fcrze wieder\n            vollst\u00e4ndig zur Verf\u00fcgung.\n          <\/p>\n        <\/div>\n      <\/div>\n    <\/header>\n\n    <main class=\"ztn-grid\">\n      <section class=\"ztn-card\">\n        <h2>Status<\/h2>\n        <ul class=\"ztn-list\">\n          <li><strong>Aktueller Stand:<\/strong> Website wird \u00fcberarbeitet<\/li>\n          <li><strong>Verf\u00fcgbarkeit:<\/strong> in K\u00fcrze online<\/li>\n          <li><strong>Hinweis:<\/strong> Inhalte werden neu strukturiert und aktualisiert<\/li>\n        <\/ul>\n      <\/section>\n\n      <section class=\"ztn-card\">\n        <h2>Wichtiger Hinweis<\/h2>\n        <p class=\"ztn-muted\">\n          Bis zur Fertigstellung gilt weiterhin unsere bisherige Website mit allen relevanten Informationen:\n        <\/p>\n\n        <div class=\"ztn-callout\">\n          <div class=\"ztn-callout-title\">Bisherige Website<\/div>\n          <div class=\"ztn-callout-sub\">Informationen, Inhalte und Kontaktm\u00f6glichkeiten<\/div>\n\n          <a class=\"ztn-button\" href=\"https:\/\/ztn-neckar-franken.de\/\" target=\"_blank\" rel=\"noopener\">\n            Zur bisherigen Website\n          <\/a>\n\n          <div class=\"ztn-linkline\">\n            Alternativ direkt:\n            <a href=\"https:\/\/ztn-neckar-franken.de\/\" target=\"_blank\" rel=\"noopener\">https:\/\/ztn-neckar-franken.de\/<\/a>\n          <\/div>\n        <\/div>\n      <\/section>\n\n      <section class=\"ztn-card ztn-wide\">\n        <h2>Kontakt<\/h2>\n        <p class=\"ztn-muted\">\n          Sie erreichen uns \u00fcber die Kontaktdaten der bisherigen Website:\n        <\/p>\n\n        <div class=\"ztn-contact\">\n          <div class=\"ztn-contact-item\">\n            <div class=\"ztn-contact-label\">E-Mail<\/div>\n            <a class=\"ztn-contact-value\" href=\"mailto:info@ztn-suedwest.de\">info@ztn-suedwest.de<\/a>\n          <\/div>\n\n          <div class=\"ztn-contact-item\">\n            <div class=\"ztn-contact-label\">Telefon<\/div>\n            <a class=\"ztn-contact-value\" href=\"tel:+49628322120\">06283 2212-0<\/a>\n          <\/div>\n\n          <div class=\"ztn-contact-item ztn-contact-wide\">\n            <div class=\"ztn-contact-label\">Adresse<\/div>\n            <div class=\"ztn-contact-value\" style=\"font-weight:600\">\n              Breitenau 3 \u00b7 74736 Hardheim\n            <\/div>\n          <\/div>\n        <\/div>\n\n        <div class=\"ztn-footer\">\n          Vielen Dank f\u00fcr Ihr Verst\u00e4ndnis. <strong>Ihr Team der ZTN S\u00fcdwest<\/strong>\n        <\/div>\n      <\/section>\n    <\/main>\n  <\/div>\n<\/section>\n\n<style>\n  .ztn-page{\n    background: linear-gradient(180deg,#f4f5f7 0%,#ffffff 100%);\n    padding: 56px 18px;\n  }\n\n  .ztn-container{\n    max-width: 1100px;\n    margin: 0 auto;\n  }\n\n  .ztn-hero{\n    background: #ffffff;\n    border-radius: 18px;\n    padding: 28px 26px;\n    box-shadow: 0 12px 32px rgba(0,0,0,0.08);\n    border: 1px solid rgba(0,0,0,0.06);\n    margin-bottom: 22px;\n  }\n\n  .ztn-hero-inner{\n    display: grid;\n    grid-template-columns: 380px 1fr;\n    gap: 18px;\n    align-items: center;\n    justify-items: center;\n  }\n\n  .ztn-logo{\n    width: min(360px, 95%);\n    height: auto;\n    display: block;\n  }\n\n  .ztn-hero-text{\n    width: 100%;\n    text-align: left;\n  }\n\n  .ztn-hero-text h1{\n    margin: 0 0 10px 0;\n    font-size: clamp(26px, 3vw, 40px);\n    color: #1f1f1f;\n    letter-spacing: 0.2px;\n  }\n\n  .ztn-hero-text p{\n    margin: 0;\n    font-size: 16px;\n    line-height: 1.65;\n    color: #4a4a4a;\n    max-width: 720px;\n  }\n\n  .ztn-grid{\n    display: grid;\n    grid-template-columns: 1fr 1fr;\n    gap: 18px;\n  }\n\n  .ztn-card{\n    background: #ffffff;\n    border-radius: 18px;\n    padding: 22px 22px;\n    box-shadow: 0 10px 26px rgba(0,0,0,0.07);\n    border: 1px solid rgba(0,0,0,0.06);\n  }\n\n  .ztn-card h2{\n    margin: 0 0 12px 0;\n    font-size: 18px;\n    color: #1f1f1f;\n  }\n\n  .ztn-muted{\n    color: #666666;\n    line-height: 1.65;\n    margin: 0 0 14px 0;\n    font-size: 14px;\n  }\n\n  .ztn-list{\n    margin: 0;\n    padding-left: 18px;\n    color: #3f3f3f;\n    line-height: 1.7;\n    font-size: 14px;\n  }\n\n  .ztn-callout{\n    background: linear-gradient(180deg, rgba(176,48,48,0.08), rgba(0,0,0,0.02));\n    border: 1px solid rgba(176,48,48,0.18);\n    border-radius: 14px;\n    padding: 16px 16px;\n  }\n\n  .ztn-callout-title{\n    font-weight: 700;\n    color: #1f1f1f;\n    margin-bottom: 2px;\n  }\n\n  .ztn-callout-sub{\n    color: #5f5f5f;\n    font-size: 13px;\n    margin-bottom: 12px;\n  }\n\n  .ztn-button{\n    display: inline-block;\n    padding: 12px 18px;\n    border-radius: 12px;\n    text-decoration: none;\n    font-weight: 700;\n    background: #b03030;\n    color: #ffffff;\n    transition: transform 0.1s ease, opacity 0.15s ease;\n  }\n\n  .ztn-button:hover{\n    opacity: 0.92;\n    transform: translateY(-1px);\n  }\n\n  .ztn-linkline{\n    margin-top: 10px;\n    font-size: 13px;\n    color: #666666;\n  }\n\n  .ztn-linkline a{\n    color: #b03030;\n    text-decoration: none;\n    font-weight: 600;\n  }\n\n  .ztn-linkline a:hover{\n    text-decoration: underline;\n  }\n\n  .ztn-wide{\n    grid-column: 1 \/ -1;\n  }\n\n  .ztn-contact{\n    display: grid;\n    grid-template-columns: 1fr 1fr;\n    gap: 14px;\n    margin-top: 10px;\n  }\n\n  .ztn-contact-item{\n    background: rgba(0,0,0,0.02);\n    border: 1px solid rgba(0,0,0,0.06);\n    border-radius: 14px;\n    padding: 14px 14px;\n  }\n\n  .ztn-contact-wide{\n    grid-column: 1 \/ -1;\n  }\n\n  .ztn-contact-label{\n    font-size: 12px;\n    color: #6b6b6b;\n    margin-bottom: 6px;\n  }\n\n  .ztn-contact-value{\n    font-size: 15px;\n    color: #1f1f1f;\n    text-decoration: none;\n    font-weight: 700;\n  }\n\n  .ztn-contact-value:hover{\n    text-decoration: underline;\n  }\n\n  .ztn-footer{\n    margin-top: 14px;\n    font-size: 13px;\n    color: #666666;\n    line-height: 1.6;\n    border-top: 1px solid rgba(0,0,0,0.06);\n    padding-top: 12px;\n  }\n\n  @media (max-width: 900px){\n    .ztn-hero-inner{\n      grid-template-columns: 1fr;\n      text-align: center;\n    }\n    .ztn-hero-text{\n      text-align: center;\n    }\n    .ztn-grid{\n      grid-template-columns: 1fr;\n    }\n    .ztn-contact{\n      grid-template-columns: 1fr;\n    }\n  }\n<\/style>\n\n","protected":false},"excerpt":{"rendered":"<p>Seite in Bearbeitung Wir \u00fcberarbeiten aktuell unseren Internetauftritt. Die neue Website steht Ihnen in K\u00fcrze wieder vollst\u00e4ndig zur Verf\u00fcgung. Status [&hellip;]<\/p>\n","protected":false},"author":1,"featured_media":0,"parent":0,"menu_order":0,"comment_status":"closed","ping_status":"closed","template":"","meta":{"site-sidebar-layout":"default","site-content-layout":"","ast-site-content-layout":"default","site-content-style":"default","site-sidebar-style":"default","ast-global-header-display":"","ast-banner-title-visibility":"","ast-main-header-display":"","ast-hfb-above-header-display":"","ast-hfb-below-header-display":"","ast-hfb-mobile-header-display":"","site-post-title":"","ast-breadcrumbs-content":"","ast-featured-img":"","footer-sml-layout":"","ast-disable-related-posts":"","theme-transparent-header-meta":"","adv-header-id-meta":"","stick-header-meta":"","header-above-stick-meta":"","header-main-stick-meta":"","header-below-stick-meta":"","astra-migrate-meta-layouts":"default","ast-page-background-enabled":"default","ast-page-background-meta":{"desktop":{"background-color":"var(--ast-global-color-5)","background-image":"","background-repeat":"repeat","background-position":"center center","background-size":"auto","background-attachment":"scroll","background-type":"","background-media":"","overlay-type":"","overlay-color":"","overlay-opacity":"","overlay-gradient":""},"tablet":{"background-color":"","background-image":"","background-repeat":"repeat","background-position":"center center","background-size":"auto","background-attachment":"scroll","background-type":"","background-media":"","overlay-type":"","overlay-color":"","overlay-opacity":"","overlay-gradient":""},"mobile":{"background-color":"","background-image":"","background-repeat":"repeat","background-position":"center center","background-size":"auto","background-attachment":"scroll","background-type":"","background-media":"","overlay-type":"","overlay-color":"","overlay-opacity":"","overlay-gradient":""}},"ast-content-background-meta":{"desktop":{"background-color":"var(--ast-global-color-4)","background-image":"","background-repeat":"repeat","background-position":"center center","background-size":"auto","background-attachment":"scroll","background-type":"","background-media":"","overlay-type":"","overlay-color":"","overlay-opacity":"","overlay-gradient":""},"tablet":{"background-color":"var(--ast-global-color-4)","background-image":"","background-repeat":"repeat","background-position":"center center","background-size":"auto","background-attachment":"scroll","background-type":"","background-media":"","overlay-type":"","overlay-color":"","overlay-opacity":"","overlay-gradient":""},"mobile":{"background-color":"var(--ast-global-color-4)","background-image":"","background-repeat":"repeat","background-position":"center center","background-size":"auto","background-attachment":"scroll","background-type":"","background-media":"","overlay-type":"","overlay-color":"","overlay-opacity":"","overlay-gradient":""}},"footnotes":""},"class_list":["post-16","page","type-page","status-publish","hentry"],"_links":{"self":[{"href":"https:\/\/ztn-suedwest.de\/index.php\/wp-json\/wp\/v2\/pages\/16","targetHints":{"allow":["GET"]}}],"collection":[{"href":"https:\/\/ztn-suedwest.de\/index.php\/wp-json\/wp\/v2\/pages"}],"about":[{"href":"https:\/\/ztn-suedwest.de\/index.php\/wp-json\/wp\/v2\/types\/page"}],"author":[{"embeddable":true,"href":"https:\/\/ztn-suedwest.de\/index.php\/wp-json\/wp\/v2\/users\/1"}],"replies":[{"embeddable":true,"href":"https:\/\/ztn-suedwest.de\/index.php\/wp-json\/wp\/v2\/comments?post=16"}],"version-history":[{"count":7,"href":"https:\/\/ztn-suedwest.de\/index.php\/wp-json\/wp\/v2\/pages\/16\/revisions"}],"predecessor-version":[{"id":26,"href":"https:\/\/ztn-suedwest.de\/index.php\/wp-json\/wp\/v2\/pages\/16\/revisions\/26"}],"wp:attachment":[{"href":"https:\/\/ztn-suedwest.de\/index.php\/wp-json\/wp\/v2\/media?parent=16"}],"curies":[{"name":"wp","href":"https:\/\/api.w.org\/{rel}","templated":true}]}}